 x - 1. Let p(s) = -10*s - 12. Let d(j) = -3*n(j) + p(j). Let m(i) = -7*i - 5. Let g(w) = -6*d(w) + 11*m(w). Suppose -5 = c - 0*c. Determine g(c).
-6
Let f be ((-1)/(-7)*5)/((-1)/(-7)). Let x(m) be the second derivative of 0 + m**2 + 0*m**3 + 5*m + 1/20*m**f + 1/12*m**4. Calculate x(0).
2
Let h = -27 + 22. Let b(z) = z**2 + 2*z + 7. What is b(h)?
22
Let n(h) = h - 3. Let x = 609 - 607. Determine n(x).
-1
Let r = -9 + 9. Let d be (r + 2)*1/2. Let j(l) = 7*l**2 + l - 2. Let o(z) = -z + 1. Let v(f) = j(f) + 2*o(f). Determine v(d).
6
Let d(v) = -4*v - 1. Let n(y) = -34*y - 8. Let h(m) = -18*d(m) + 2*n(m). Determine h(1).
6
Let i = 4 + 1. Let d(j) be the second derivative of 0 - 2*j**2 - 1/3*j**3 - 11*j. Calculate d(i).
-14
Let l(g) = -g - 6. Suppose 31 = 5*y + 3*d, 5*y - d - 32 = -9. Suppose 4*s - y*a = 2*s - 37, -s + 2*a = 16. Determine l(s).
0
Let d(l) = l - 6. Let o be d(9). Let n(q) = q**2 - 2*q + 2. Determine n(o).
5
Let n(o) = -o**3 + 3*o**2 + 4*o - 1. Let x(v) = 7*v - 62. Let p be x(10). Let g be (-3 - -5)*(4 - 20/p). Determine n(g).
11
Let k(y) = y**3 - 6*y**2 - 6*y - 5. Suppose 0*d + 2*d - 8 = 0. Suppose 5*a - 7 = 5*c + 33, a + 5*c - 26 = 0. Let i = a - d. Give k(i).
2
Let l(f) = 0*f**2 + 6978 - 6929 + 13*f - f**2. Give l(16).
1
Let d(b) = 7*b**2 - 3*b + 15. Let u(s) = -9*s**2 + 4*s - 15. Let h(m) = -5*d(m) - 4*u(m). What is h(4)?
-3
Let g(p) = 3*p + 154 + 0*p**3 - p**3 - 158 - 5*p**2. Calculate g(-6).
14
Let l be (-23)/5 - 6/15. Let c(s) = s - 1. Let q(t) = -3*t + 7. Let g(x) = 11*c(x) + 2*q(x). Calculate g(l).
-22
Let k(o) be the first derivative of o**2 - 4*o - 10. Let b = 115 + -111. Calculate k(b).
4
Let y = -95 + 98. Let b(l) = -13*l - 8*l + 11*l - l**2 - y. Determine b(-9).
6
Suppose 0 = -14*z - 60 - 10. Let h(g) = -g**3 - 5*g**2 - 2*g - 5. Calculate h(z).
5
Suppose 790 = -65*s - 120. Let w(c) = -c**2 - 14*c - 6. Calculate w(s).
-6
Let h(f) = 0 + 2 - 2 + 8*f**2. Suppose 14 = 2*l - 2*t, -6*t + 10 = 2*l - 7*t. Let d(s) = s - 4. Let m be d(l). Determine h(m).
8
Let p(m) = m + 1 - 2*m + 4*m. Let z be 4 - (13 + -1 + -2). Calculate p(z).
-17
Let o(g) = 0 + g - 2 + 7*g. Let i = 1757 - 1760. Give o(i).
-26
Let n(s) = 5*s**2 + 6*s**2 - 10*s**2 - s - 3 - s. Determine n(-2).
5
Let p(i) = -20613 + 4*i + 5*i**2 + 20603 + 2*i - i**3. What is p(6)?
-10
Let h(x) be the second derivative of 0 - 5/6*x**3 + 10*x + 1/12*x**4 - 5/2*x**2. Determine h(5).
-5
Let z(l) = -6*l + 2127 + l - 2133. Give z(-1).
-1
Let k(g) be the first derivative of -g**3/3 - 4*g**2 - 6*g - 2. Suppose -5 = 2*d + 2*u - 1, 2*d = -4*u. Calculate k(d).
10
Let d(o) be the second derivative of -o**3/6 + 7*o**2/2 - 2*o - 41. Let f be 18/6 - (-3)/(9/6). Determine d(f).
2
Let z(p) be the first derivative of p**3/3 - 3*p**2/2 + p + 2. Let i(r) = 16*r + 4. Let x be i(0). Calculate z(x).
5
Let o = 39 + -38. Let x be (o + -1)/((-28)/(-14)). Let m(d) = d**3 - d + 7. Let k(g) = -1. Let h(s) = 4*k(s) - m(s). Determine h(x).
-11
Suppose -4*c + 2*v + 20 = 0, -2*v = 2*c - c. Let w be (-2*9/12)/(1/c). Let n(s) = 4*s + 3. What is n(w)?
-21
Let k be (-8)/(16/8*(3 - 2)). Let q(i) = -i**3 - 4*i**2 + 5*i - 1. Determine q(k).
-21
Let h(y) = -2 - 2*y - 1 - 7. Let i(l) = -1 + 19*l - 32*l + 11*l. Let o be i(3). What is h(o)?
4
Let r(y) = y**2 - 6*y - 22. Let c = -773 - -782. What is r(c)?
5
Let v(s) = 5*s + 40. Let y be v(-8). Let c(l) be the first derivative of -8/3*l**3 + y*l**2 - 8 - l. Give c(-1).
-9
Let w(p) = -3*p - 9. Let j be w(-4). Let g(l) = 0*l + 0 + j - l - 4. Let d be ((-6)/(-15))/((-5)/25). What is g(d)?
1
Suppose 39 = 7*y + 25. Let m(b) be the third derivative of -y*b**2 - 1/12*b**4 + 0 + 0*b + 1/3*b**3. Give m(-3).
8
Let q(n) = 0*n**2 - 4*n + 3*n**2 + 5 - 2*n**2. Let r = 6 - -34. Suppose -4*i + 28 = -2*t, 0*t - 5*t = -4*i + r. Give q(i).
10
Suppose 5*a = v - 6, 4*v + 5*a = -12 - 14. Let n(f) = -f**2 + 3*f + 5. What is n(v)?
-23
Let q(h) = h - 6. Let j = 10 + -1. Give q(j).
3
Suppose -742*r = -734*r - 104. Let h(l) = -l**2 + 13*l - 3. What is h(r)?
-3
Suppose 5*r = -4*x - 55, r + 3*x - 56 = -78. Let d(l) = -6*l - 37. What is d(r)?
5
Let u(a) be the third derivative of 3*a**5/20 - a**4/24 + 5*a**2. Let o(n) = n**3 + 4*n**2 - 2*n - 3. Let y be o(-4). Suppose -4*t + y = -9*t. Calculate u(t).
10
Let x = 104 - 80. Let z(w) = -w**2 - w**3 + 3 + 6*w**2 + x*w - 6 - 17*w. Calculate z(6).
3
Let a(r) be the third derivative of r**5/120 - r**4/24 + 7*r**3/6 + 10*r**2. Let t(w) be the first derivative of a(w). Calculate t(4).
3
Let l(d) be the first derivative of d**7/840 - d**6/72 + d**5/20 - d**4/8 - 11*d**3/3 - 8. Let c(u) be the third derivative of l(u). Give c(4).
5
Let v(i) = -15*i + 39. Let m be v(3). Let n(w) be the first derivative of -w**4/4 - 7*w**3/3 - 2*w**2 + 7*w - 2. Determine n(m).
-5
Let g(u) = -u**2 - 3*u - 2. Suppose 17*b = 10*b - 14. Calculate g(b).
0
Let y(p) = p**3 - 2*p**2 - 2*p - 2. Let v be y(2). Let j(n) = -n. Give j(v).
6
Let t(w) = w**3 + 4*w**2 - 8*w - 12. Let d be t(-5). Let c(p) = 7*p - 6. Let f(m) = 4*m - 3. Let y(j) = d*c(j) - 5*f(j). Give y(6).
3
Let q(f) be the first derivative of f**2/2 + 3*f + 101. Give q(-6).
-3
Let j(m) = -3*m + 13. Suppose 0 = h + 5*l + 14, 1 = h + 3*l + 7. Determine j(h).
-5
Let c(n) = n**3 - 7*n**2 + 6*n + 7. Let a be c(6). Let g(u) = 3*u**2 - 3 + u**3 - a*u**2 - 4*u**2. Give g(8).
-3
Let d be 4 - (-4*1 - (-18 - -17)). Let t(h) = -2*h + 17. Give t(d).
3
Let k(t) be the third derivative of t**5/60 + 13*t**4/24 + 5*t**3/2 - 59*t**2. What is k(-13)?
15
Let p = 4 - 1. Suppose -p*o + 6 = -0*o. Let s(h) = 9*h - h + 0*h - 9*h**2 + 4*h**2 + o - h**3. Determine s(-6).
-10
Let i(f) be the second derivative of -f**5/60 + f**4/12 - 5*f**3/2 + 15*f. Let w(y) be the second derivative of i(y). What is w(-6)?
14
Let t(b) = -b**2 - 3*b + 3. Let m(s) = 3*s + 31. Let j be m(-10). Let x be 3/(-3) + j + 12/(-3). Calculate t(x).
-1
Let p = 238 + -243. Let f(z) = -z**2 - 5*z - 3. Calculate f(p).
-3
Let b be (-28)/70*(1 + 1 + 13). Let u(i) = 2*i + 1. Determine u(b).
-11
Let m(z) = 38737*z - 2 - 38736*z + 4. Determine m(-8).
-6
Let q(l) be the first derivative of 3*l - 18 + 2*l**2 + 1/3*l**3. Determine q(-2).
-1
Let m be (27/18)/((-2)/(-4)) + 3. Let l(f) = -3*f - 1 + 4*f - 6*f**3 + 7*f**3 - m*f**2 + 6. What is l(5)?
-15
Let o(t) = t - 1. Let a(h) = 10*h - 1. Let v(w) = -a(w) + 3*o(w). Let g be v(-1). Let z(q) = -q**3 + 5*q**2 + q - 3. Determine z(g).
2
Let z(x) = 4*x - 5. Let q(y) = y. Let r(o) = 5*q(o) - z(o). Let f = 68 + -64. Suppose -f*b - 2*c - 20 = 0, -5*c = -5*b - c - 12. What is r(b)?
1
Let l(o) = 3*o - 50. Let k be l(18). Let w(f) = -f**2 + 3*f + 3. Let a(s) = -s - 1. Let q(x) = k*a(x) + w(x). Determine q(0).
-1
Let k(z) = z**2 - 11*z - 18. Let a be k(12). Let n(v) = -v - 1. Give n(a).
5
Let p(x) = x**3 + 6*x**2 - 5. Let y(b) = b**3 + 15*b**2 + 11*b - 47. Let v be y(-14). Determine p(v).
20
Let m(z) = z**3 + 4*z**2 + 4. Let v be m(-4). Let t(y) = -3*y - 2. Give t(v).
-14
Let m(f) = 0*f + 0 + 63*f**2 - 61*f**2 - 2*f + 5*f - 4. What is m(-3)?
5
Suppose -4*u + 5*m = 12, -5*u = -2*m + 8 + 7. Let w be (1/u*0)/(12/(-4)). Let y(d) = -d**3 - d**2 - d - 5. Give y(w).
-5
Suppose -14*z - 117 = -19. Let m(u) = -u**2 - 8*u - 8. Give m(z).
-1
Let j(x) = x - 11. Suppose q - 28 = 4*h, 5*h + 12*q = 13*q - 35. Give j(h).
-18
Let s(o) = -o**3 + 7*o**2 - 12*o - 1. Let l(u) = u**2 + 45*u - 138. Let p be l(-48). Determine s(p).
-37
Let m(u) = -1 - u**2 - 146*u - 4 + 159*u. What is m(13)?
-5
Suppose -3*x + 4 = 10. Suppose -8 = -3*r + u, 3*r + 0*u - 10 = 2*u. Let w(i) = -1 + 2*i**r - 4*i**2 - i**3 + 0 + i. Calculate w(x).
-3
Suppose 2 = -11*f + 13*f. Let i be (1*2)/(5/15*f). Let d(w) = -w**2 + 8*w - 6. What is d(i)?
6
Let b(q) be the third derivative of 0*q**3 + 0 + 0*q + 1/12*q**4 + 0*q**5 + 6*q**2 - 1/720*q**6. Let g(h) be the second derivative of b(h). Calculate g(-2).
2
Let l(q) = -q**2 + 4*q + 1. Let g be (4/5)/(3/(195/1)). Let v = -47 + g. Calculate l(v).
-4
Suppose -3*m + 8*m - 5 = 0. Let x(c) be the first derivative of -9 + 0*c + 0*c**3 + 0*c**2 + 13/4*c**4. Determine x(m).
13
Suppose 0 = -w + 6 - 3. Suppose 6 - 2 = 2*l. Let s(m) = 11*m**2 - m**l - 4 - 3*m - 9*m**2. Calculate s(w).
-4
Let p be 0/(-3)*24/(-120). Let i(n) = n**2 - 4*n + 2. Determine i(p).
2
Suppose -c = -0*c